{"id":218,"date":"2024-09-09T10:44:56","date_gmt":"2024-09-09T13:44:56","guid":{"rendered":"https:\/\/mav.tec.br\/kyc\/?page_id=218"},"modified":"2026-03-10T12:13:53","modified_gmt":"2026-03-10T15:13:53","slug":"promocao","status":"publish","type":"page","link":"https:\/\/mav.tec.br\/kyc\/promocao\/","title":{"rendered":"Promo\u00e7\u00e3o aproveite"},"content":{"rendered":"\t\t<div data-elementor-type=\"wp-page\" data-elementor-id=\"218\" class=\"elementor elementor-218\">\n\t\t\t\t<div class=\"elementor-element elementor-element-a6a5771 e-flex e-con-boxed e-con e-parent\" data-id=\"a6a5771\" data-element_type=\"container\" data-e-type=\"container\">\n\t\t\t\t\t<div class=\"e-con-inner\">\n\t\t\t\t<div class=\"elementor-element elementor-element-40d4c66 elementor-widget elementor-widget-image\" data-id=\"40d4c66\" data-element_type=\"widget\" data-e-type=\"widget\" data-widget_type=\"image.default\">\n\t\t\t\t\t\t\t\t\t\t\t\t\t\t\t<img fetchpriority=\"high\" decoding=\"async\" width=\"768\" height=\"472\" src=\"https:\/\/mav.tec.br\/kyc\/wp-content\/uploads\/2026\/03\/atrair-e-encantar-o-cliente-768x472.jpg\" class=\"attachment-medium_large size-medium_large wp-image-821\" alt=\"atrair e encantar o cliente\" srcset=\"https:\/\/mav.tec.br\/kyc\/wp-content\/uploads\/2026\/03\/atrair-e-encantar-o-cliente-768x472.jpg 768w, https:\/\/mav.tec.br\/kyc\/wp-content\/uploads\/2026\/03\/atrair-e-encantar-o-cliente-300x184.jpg 300w, https:\/\/mav.tec.br\/kyc\/wp-content\/uploads\/2026\/03\/atrair-e-encantar-o-cliente-1024x629.jpg 1024w, https:\/\/mav.tec.br\/kyc\/wp-content\/uploads\/2026\/03\/atrair-e-encantar-o-cliente.jpg 1302w\" sizes=\"(max-width: 768px) 100vw, 768px\" \/>\t\t\t\t\t\t\t\t\t\t\t\t\t\t\t<\/div>\n\t\t\t\t\t<\/div>\n\t\t\t\t<\/div>\n\t\t<div class=\"elementor-element elementor-element-490ef00e e-flex e-con-boxed e-con e-parent\" data-id=\"490ef00e\" data-element_type=\"container\" data-e-type=\"container\">\n\t\t\t\t\t<div class=\"e-con-inner\">\n\t\t\t\t<div class=\"elementor-element elementor-element-6d64c060 elementor-widget elementor-widget-text-editor\" data-id=\"6d64c060\" data-element_type=\"widget\" data-e-type=\"widget\" data-widget_type=\"text-editor.default\">\n\t\t\t\t\t\t\t\t\t<p><\/p>\n<h1 style=\"text-align: center;\">3 meses gr\u00e1tis para um n\u00famero limitado de ades\u00f5es a promo\u00e7\u00e3o.<\/h1>\n<h5><\/h5>\n<h5><\/h5>\n<h5 class=\"has-medium-font-size\">Em 3 meses \u00e9 poss\u00edvel entender o movimento dos clientes, quem \u00e9 constante, quem veio uma vez e n\u00e3o voltou, qual \u00e9 o consumo m\u00e9dio, entre outras informa\u00e7\u00f5es, inclusive com dados relevantes para gerar informa\u00e7\u00f5es para tomada de decis\u00e3o.<\/h5>\n<h5><b>Nesse per\u00edodo ser\u00e1 poss\u00edvel ter uma vis\u00e3o real do retorno sobre o benef\u00edcio da plataforma, bem como um entendimento real do investimento mensal.<\/b><\/h5>\n<h5>Tamb\u00e9m podemos fazer ajustes na coleta de dados, incluindo o que for relevante para o seu neg\u00f3cio, e transform\u00e1-los em informa\u00e7\u00f5es \u00fateis.<\/h5>\n<h5><b>Aderindo \u00e0 promo\u00e7\u00e3o, voc\u00ea s\u00f3 tem a ganhar.<\/b><\/h5>\n<p><\/p>\n<p><\/p>\t\t\t\t\t\t\t\t<\/div>\n\t\t\t\t<div class=\"elementor-element elementor-element-6e11590 elementor-widget elementor-widget-shortcode\" data-id=\"6e11590\" data-element_type=\"widget\" data-e-type=\"widget\" data-widget_type=\"shortcode.default\">\n\t\t\t\t\t\t\t<div class=\"elementor-shortcode\"><div class=\"forminator-ui forminator-custom-form forminator-custom-form-217 forminator-design--default  forminator_ajax\" data-forminator-render=\"1\" data-form=\"forminator-module-217\" data-uid=\"69e74c9820b55\"><br\/><\/div><form\n\t\t\t\tid=\"forminator-module-217\"\n\t\t\t\tclass=\"forminator-ui forminator-custom-form forminator-custom-form-217 forminator-design--default  forminator_ajax\"\n\t\t\t\tmethod=\"post\"\n\t\t\t\tdata-forminator-render=\"1\"\n\t\t\t\tdata-form-id=\"217\"\n\t\t\t\t data-color-option=\"default\" data-design=\"default\" data-grid=\"open\" style=\"display: none;\"\n\t\t\t\tdata-uid=\"69e74c9820b55\"\n\t\t\t><div role=\"alert\" aria-live=\"polite\" class=\"forminator-response-message forminator-error\" aria-hidden=\"true\"><\/div><div class=\"forminator-row\"><div id=\"section-1\" class=\"forminator-field-section forminator-col forminator-col-12 \"><div class=\"forminator-field\"><h2 class=\"forminator-title\">Quero aderir a promo\u00e7\u00e3o<\/h2><h3 class=\"forminator-subtitle\">Preencha o formul\u00e1rio abaixo e entraremos em contato<\/h3><\/div><\/div><\/div><div class=\"forminator-row\"><div id=\"name-1\" class=\"forminator-field-name forminator-col forminator-col-12 \"><div class=\"forminator-field\"><label for=\"forminator-field-name-1_69e74c9820b55\" id=\"forminator-field-name-1_69e74c9820b55-label\" class=\"forminator-label\">Primeiro Nome <span class=\"forminator-required\">*<\/span><\/label><input type=\"text\" name=\"name-1\" value=\"\" placeholder=\"E.x. John\" id=\"forminator-field-name-1_69e74c9820b55\" class=\"forminator-input forminator-name--field\" aria-required=\"true\" autocomplete=\"name\" \/><\/div><\/div><\/div><div class=\"forminator-row\"><div id=\"email-1\" class=\"forminator-field-email forminator-col forminator-col-6 \"><div class=\"forminator-field\"><label for=\"forminator-field-email-1_69e74c9820b55\" id=\"forminator-field-email-1_69e74c9820b55-label\" class=\"forminator-label\">Endere\u00e7o de E-mail <span class=\"forminator-required\">*<\/span><\/label><input type=\"email\" name=\"email-1\" value=\"\" placeholder=\"E.x. john@doe.com\" id=\"forminator-field-email-1_69e74c9820b55\" class=\"forminator-input forminator-email--field\" data-required=\"true\" aria-required=\"true\" autocomplete=\"email\" \/><\/div><\/div><div id=\"phone-1\" class=\"forminator-field-phone forminator-col forminator-col-6 \"><div class=\"forminator-field\"><label for=\"forminator-field-phone-1_69e74c9820b55\" id=\"forminator-field-phone-1_69e74c9820b55-label\" class=\"forminator-label\">Telefone <span class=\"forminator-required\">*<\/span><\/label><input type=\"text\" name=\"phone-1\" value=\"\" placeholder=\"E.x. +1 3004005000\" id=\"forminator-field-phone-1_69e74c9820b55\" class=\"forminator-input forminator-field--phone\" data-required=\"1\" aria-required=\"true\" autocomplete=\"off\" \/><\/div><\/div><\/div><div class=\"forminator-row\"><div id=\"text-1\" class=\"forminator-field-text forminator-col forminator-col-6 \"><div class=\"forminator-field\"><label for=\"forminator-field-text-1_69e74c9820b55\" id=\"forminator-field-text-1_69e74c9820b55-label\" class=\"forminator-label\">Informe o c\u00f3digo da promo\u00e7\u00e3o<\/label><input type=\"text\" name=\"text-1\" value=\"\" placeholder=\"c\u00f3digo\" id=\"forminator-field-text-1_69e74c9820b55\" class=\"forminator-input forminator-name--field\" data-required=\"\" aria-describedby=\"forminator-field-text-1_69e74c9820b55-description\" \/><span id=\"forminator-field-text-1_69e74c9820b55-description\" class=\"forminator-description\">N\u00e3o \u00e9 obrigat\u00f3rio<\/span><\/div><\/div><div id=\"text-2\" class=\"forminator-field-text forminator-col forminator-col-6 \"><div class=\"forminator-field\"><label for=\"forminator-field-text-2_69e74c9820b55\" id=\"forminator-field-text-2_69e74c9820b55-label\" class=\"forminator-label\">Qual seu ramo de atividade <span class=\"forminator-required\">*<\/span><\/label><input type=\"text\" name=\"text-2\" value=\"\" placeholder=\"restaurante, loja, servi\u00e7os, etc\" id=\"forminator-field-text-2_69e74c9820b55\" class=\"forminator-input forminator-name--field\" data-required=\"1\" \/><\/div><\/div><\/div><div class=\"forminator-row\"><div id=\"textarea-1\" class=\"forminator-field-textarea forminator-col forminator-col-12 \"><div class=\"forminator-field\"><label for=\"forminator-field-textarea-1_69e74c9820b55\" id=\"forminator-field-textarea-1_69e74c9820b55-label\" class=\"forminator-label\">Mensagem<\/label><textarea name=\"textarea-1\" placeholder=\"Escreva sua mensagem\" id=\"forminator-field-textarea-1_69e74c9820b55\" class=\"forminator-textarea\" rows=\"6\" style=\"--forminator-textarea-min-height:140px;\" maxlength=\"180\" ><\/textarea><span id=\"forminator-field-textarea-1_69e74c9820b55-description\" class=\"forminator-description\"><span data-limit=\"180\" data-type=\"characters\" data-editor=\"\">0 \/ 180<\/span><\/span><\/div><\/div><\/div><div class=\"forminator-row\"><div id=\"checkbox-1\" class=\"forminator-field-checkbox forminator-col forminator-col-6 \"><div role=\"group\" class=\"forminator-field required\" aria-labelledby=\"forminator-checkbox-group-forminator-field-checkbox-1-69e74c9820b55-label\"><span id=\"forminator-checkbox-group-forminator-field-checkbox-1-69e74c9820b55-label\" class=\"forminator-label\">Confirme que deseja participar da promo\u00e7\u00e3o <span class=\"forminator-required\">*<\/span><\/span><label id=\"forminator-field-checkbox-1-1-69e74c9820b55-label\" for=\"forminator-field-checkbox-1-1-69e74c9820b55\" class=\"forminator-checkbox\" title=\"Confirmo\"><input type=\"checkbox\" name=\"checkbox-1[]\" value=\"one\" id=\"forminator-field-checkbox-1-1-69e74c9820b55\" aria-labelledby=\"forminator-field-checkbox-1-1-69e74c9820b55-label\" data-calculation=\"0\"   data-hidden-behavior=\"zero\"\/><span class=\"forminator-checkbox-box\" aria-hidden=\"true\"><\/span><span class=\"forminator-checkbox-label\">Confirmo<\/span><\/label><\/div><\/div><div id=\"captcha-1\" class=\"forminator-field-captcha forminator-col forminator-col-6 \"><div class=\"forminator-captcha-left forminator-g-recaptcha\" data-theme=\"light\"  data-sitekey=\"6LedA4YsAAAAAD0uYegLiUmeAqamLUXAZUDa8gjR\" data-size=\"normal\"><\/div> <\/div><\/div><input type=\"hidden\" name=\"referer_url\" value=\"\" \/><div class=\"forminator-row forminator-row-last\"><div class=\"forminator-col\"><div class=\"forminator-field\"><button class=\"forminator-button forminator-button-submit\">Enviar mensagem<\/button><\/div><\/div><\/div><input type=\"hidden\" id=\"forminator_nonce\" name=\"forminator_nonce\" value=\"22600d4b62\" \/><input type=\"hidden\" name=\"_wp_http_referer\" value=\"\/kyc\/wp-json\/wp\/v2\/pages\/218\" \/><input type=\"hidden\" name=\"form_id\" value=\"217\"><input type=\"hidden\" name=\"page_id\" value=\"218\"><input type=\"hidden\" name=\"form_type\" value=\"default\"><input type=\"hidden\" name=\"current_url\" value=\"https:\/\/mav.tec.br\/kyc\/promocao\/\"><input type=\"hidden\" name=\"render_id\" value=\"1\"><input type=\"hidden\" name=\"action\" value=\"forminator_submit_form_custom-forms\"><\/form><\/div>\n\t\t\t\t\t\t<\/div>\n\t\t\t\t\t<\/div>\n\t\t\t\t<\/div>\n\t\t\t\t<\/div>\n\t\t<p>Views: 112<\/p><div id=\"advads-2451706990\" class=\"advads-depois-do-conteudo advads-entity-placement\" style=\"margin-left: auto;margin-right: auto;text-align: center;\"><a href=\"https:\/\/mav.tec.br\/kyc\/promocao\/\" aria-label=\"anuncio promo 3 meses\"><img src=\"https:\/\/mav.tec.br\/kyc\/wp-content\/uploads\/2024\/09\/anuncio-promo-3-meses-e1729090425995.jpg\" alt=\"\"  width=\"800\" height=\"202\"   \/><\/a><\/div>","protected":false},"excerpt":{"rendered":"<p>3 meses gr\u00e1tis para um n\u00famero limitado de ades\u00f5es a promo\u00e7\u00e3o. Em 3 meses \u00e9 poss\u00edvel entender o movimento dos clientes, quem \u00e9 constante, quem veio uma vez e n\u00e3o voltou, qual \u00e9 o consumo m\u00e9dio, entre outras informa\u00e7\u00f5es, inclusive com dados relevantes para gerar informa\u00e7\u00f5es para tomada de decis\u00e3o. Nesse per\u00edodo ser\u00e1 poss\u00edvel ter [&hellip;]<\/p>\n","protected":false},"author":3,"featured_media":356,"parent":0,"menu_order":1,"comment_status":"closed","ping_status":"closed","template":"elementor_header_footer","meta":{"footnotes":""},"class_list":["post-218","page","type-page","status-publish","has-post-thumbnail","hentry"],"yoast_head":"<!-- This site is optimized with the Yoast SEO plugin v27.4 - https:\/\/yoast.com\/product\/yoast-seo-wordpress\/ -->\n<title>Promo\u00e7\u00e3o aproveite -<\/title>\n<meta name=\"description\" content=\"Promo\u00e7\u00e3o da plataforma Kyc? conhe\u00e7a o seu cliente, melhore seu lucro, cative seus melhores clientes, ganhe mais.\" \/>\n<meta name=\"robots\" content=\"index, follow, max-snippet:-1, max-image-preview:large, max-video-preview:-1\" \/>\n<link rel=\"canonical\" href=\"https:\/\/mav.tec.br\/kyc\/promocao\/\" \/>\n<meta property=\"og:locale\" content=\"pt_BR\" \/>\n<meta property=\"og:type\" content=\"article\" \/>\n<meta property=\"og:title\" content=\"Promo\u00e7\u00e3o aproveite -\" \/>\n<meta property=\"og:description\" content=\"Promo\u00e7\u00e3o da plataforma Kyc? conhe\u00e7a o seu cliente, melhore seu lucro, cative seus melhores clientes, ganhe mais.\" \/>\n<meta property=\"og:url\" content=\"https:\/\/mav.tec.br\/kyc\/promocao\/\" \/>\n<meta property=\"article:modified_time\" content=\"2026-03-10T15:13:53+00:00\" \/>\n<meta property=\"og:image\" content=\"https:\/\/mav.tec.br\/kyc\/wp-content\/uploads\/2024\/09\/kyc-promo.jpeg\" \/>\n\t<meta property=\"og:image:width\" content=\"1757\" \/>\n\t<meta property=\"og:image:height\" content=\"1080\" \/>\n\t<meta property=\"og:image:type\" content=\"image\/jpeg\" \/>\n<meta name=\"twitter:card\" content=\"summary_large_image\" \/>\n<meta name=\"twitter:label1\" content=\"Est. tempo de leitura\" \/>\n\t<meta name=\"twitter:data1\" content=\"1 minuto\" \/>\n<script type=\"application\/ld+json\" class=\"yoast-schema-graph\">{\"@context\":\"https:\\\/\\\/schema.org\",\"@graph\":[{\"@type\":\"WebPage\",\"@id\":\"https:\\\/\\\/mav.tec.br\\\/kyc\\\/promocao\\\/\",\"url\":\"https:\\\/\\\/mav.tec.br\\\/kyc\\\/promocao\\\/\",\"name\":\"Promo\u00e7\u00e3o aproveite -\",\"isPartOf\":{\"@id\":\"https:\\\/\\\/mav.tec.br\\\/kyc\\\/#website\"},\"primaryImageOfPage\":{\"@id\":\"https:\\\/\\\/mav.tec.br\\\/kyc\\\/promocao\\\/#primaryimage\"},\"image\":{\"@id\":\"https:\\\/\\\/mav.tec.br\\\/kyc\\\/promocao\\\/#primaryimage\"},\"thumbnailUrl\":\"https:\\\/\\\/mav.tec.br\\\/kyc\\\/wp-content\\\/uploads\\\/2024\\\/09\\\/kyc-promo.jpeg\",\"datePublished\":\"2024-09-09T13:44:56+00:00\",\"dateModified\":\"2026-03-10T15:13:53+00:00\",\"description\":\"Promo\u00e7\u00e3o da plataforma Kyc? conhe\u00e7a o seu cliente, melhore seu lucro, cative seus melhores clientes, ganhe mais.\",\"breadcrumb\":{\"@id\":\"https:\\\/\\\/mav.tec.br\\\/kyc\\\/promocao\\\/#breadcrumb\"},\"inLanguage\":\"pt-BR\",\"potentialAction\":[{\"@type\":\"ReadAction\",\"target\":[\"https:\\\/\\\/mav.tec.br\\\/kyc\\\/promocao\\\/\"]}]},{\"@type\":\"ImageObject\",\"inLanguage\":\"pt-BR\",\"@id\":\"https:\\\/\\\/mav.tec.br\\\/kyc\\\/promocao\\\/#primaryimage\",\"url\":\"https:\\\/\\\/mav.tec.br\\\/kyc\\\/wp-content\\\/uploads\\\/2024\\\/09\\\/kyc-promo.jpeg\",\"contentUrl\":\"https:\\\/\\\/mav.tec.br\\\/kyc\\\/wp-content\\\/uploads\\\/2024\\\/09\\\/kyc-promo.jpeg\",\"width\":1757,\"height\":1080},{\"@type\":\"BreadcrumbList\",\"@id\":\"https:\\\/\\\/mav.tec.br\\\/kyc\\\/promocao\\\/#breadcrumb\",\"itemListElement\":[{\"@type\":\"ListItem\",\"position\":1,\"name\":\"In\u00edcio\",\"item\":\"https:\\\/\\\/mav.tec.br\\\/kyc\\\/\"},{\"@type\":\"ListItem\",\"position\":2,\"name\":\"Promo\u00e7\u00e3o aproveite\"}]},{\"@type\":\"WebSite\",\"@id\":\"https:\\\/\\\/mav.tec.br\\\/kyc\\\/#website\",\"url\":\"https:\\\/\\\/mav.tec.br\\\/kyc\\\/\",\"name\":\"Conhe\u00e7a o seu Cliente\",\"description\":\"Existem apenas dois motivos para algu\u00e9m comprar: necessidade ou desejo. Quem foca na necessidade sobrevive, mas quem domina os desejos dos clientes alcan\u00e7a o verdadeiro sucesso.\",\"publisher\":{\"@id\":\"https:\\\/\\\/mav.tec.br\\\/kyc\\\/#organization\"},\"potentialAction\":[{\"@type\":\"SearchAction\",\"target\":{\"@type\":\"EntryPoint\",\"urlTemplate\":\"https:\\\/\\\/mav.tec.br\\\/kyc\\\/?s={search_term_string}\"},\"query-input\":{\"@type\":\"PropertyValueSpecification\",\"valueRequired\":true,\"valueName\":\"search_term_string\"}}],\"inLanguage\":\"pt-BR\"},{\"@type\":\"Organization\",\"@id\":\"https:\\\/\\\/mav.tec.br\\\/kyc\\\/#organization\",\"name\":\"Kyc?\",\"url\":\"https:\\\/\\\/mav.tec.br\\\/kyc\\\/\",\"logo\":{\"@type\":\"ImageObject\",\"inLanguage\":\"pt-BR\",\"@id\":\"https:\\\/\\\/mav.tec.br\\\/kyc\\\/#\\\/schema\\\/logo\\\/image\\\/\",\"url\":\"https:\\\/\\\/mav.tec.br\\\/kyc\\\/wp-content\\\/uploads\\\/2024\\\/08\\\/cropped-KYC-1.png\",\"contentUrl\":\"https:\\\/\\\/mav.tec.br\\\/kyc\\\/wp-content\\\/uploads\\\/2024\\\/08\\\/cropped-KYC-1.png\",\"width\":512,\"height\":512,\"caption\":\"Kyc?\"},\"image\":{\"@id\":\"https:\\\/\\\/mav.tec.br\\\/kyc\\\/#\\\/schema\\\/logo\\\/image\\\/\"}}]}<\/script>\n<!-- \/ Yoast SEO plugin. -->","yoast_head_json":{"title":"Promo\u00e7\u00e3o aproveite -","description":"Promo\u00e7\u00e3o da plataforma Kyc? conhe\u00e7a o seu cliente, melhore seu lucro, cative seus melhores clientes, ganhe mais.","robots":{"index":"index","follow":"follow","max-snippet":"max-snippet:-1","max-image-preview":"max-image-preview:large","max-video-preview":"max-video-preview:-1"},"canonical":"https:\/\/mav.tec.br\/kyc\/promocao\/","og_locale":"pt_BR","og_type":"article","og_title":"Promo\u00e7\u00e3o aproveite -","og_description":"Promo\u00e7\u00e3o da plataforma Kyc? conhe\u00e7a o seu cliente, melhore seu lucro, cative seus melhores clientes, ganhe mais.","og_url":"https:\/\/mav.tec.br\/kyc\/promocao\/","article_modified_time":"2026-03-10T15:13:53+00:00","og_image":[{"width":1757,"height":1080,"url":"https:\/\/mav.tec.br\/kyc\/wp-content\/uploads\/2024\/09\/kyc-promo.jpeg","type":"image\/jpeg"}],"twitter_card":"summary_large_image","twitter_misc":{"Est. tempo de leitura":"1 minuto"},"schema":{"@context":"https:\/\/schema.org","@graph":[{"@type":"WebPage","@id":"https:\/\/mav.tec.br\/kyc\/promocao\/","url":"https:\/\/mav.tec.br\/kyc\/promocao\/","name":"Promo\u00e7\u00e3o aproveite -","isPartOf":{"@id":"https:\/\/mav.tec.br\/kyc\/#website"},"primaryImageOfPage":{"@id":"https:\/\/mav.tec.br\/kyc\/promocao\/#primaryimage"},"image":{"@id":"https:\/\/mav.tec.br\/kyc\/promocao\/#primaryimage"},"thumbnailUrl":"https:\/\/mav.tec.br\/kyc\/wp-content\/uploads\/2024\/09\/kyc-promo.jpeg","datePublished":"2024-09-09T13:44:56+00:00","dateModified":"2026-03-10T15:13:53+00:00","description":"Promo\u00e7\u00e3o da plataforma Kyc? conhe\u00e7a o seu cliente, melhore seu lucro, cative seus melhores clientes, ganhe mais.","breadcrumb":{"@id":"https:\/\/mav.tec.br\/kyc\/promocao\/#breadcrumb"},"inLanguage":"pt-BR","potentialAction":[{"@type":"ReadAction","target":["https:\/\/mav.tec.br\/kyc\/promocao\/"]}]},{"@type":"ImageObject","inLanguage":"pt-BR","@id":"https:\/\/mav.tec.br\/kyc\/promocao\/#primaryimage","url":"https:\/\/mav.tec.br\/kyc\/wp-content\/uploads\/2024\/09\/kyc-promo.jpeg","contentUrl":"https:\/\/mav.tec.br\/kyc\/wp-content\/uploads\/2024\/09\/kyc-promo.jpeg","width":1757,"height":1080},{"@type":"BreadcrumbList","@id":"https:\/\/mav.tec.br\/kyc\/promocao\/#breadcrumb","itemListElement":[{"@type":"ListItem","position":1,"name":"In\u00edcio","item":"https:\/\/mav.tec.br\/kyc\/"},{"@type":"ListItem","position":2,"name":"Promo\u00e7\u00e3o aproveite"}]},{"@type":"WebSite","@id":"https:\/\/mav.tec.br\/kyc\/#website","url":"https:\/\/mav.tec.br\/kyc\/","name":"Conhe\u00e7a o seu Cliente","description":"Existem apenas dois motivos para algu\u00e9m comprar: necessidade ou desejo. Quem foca na necessidade sobrevive, mas quem domina os desejos dos clientes alcan\u00e7a o verdadeiro sucesso.","publisher":{"@id":"https:\/\/mav.tec.br\/kyc\/#organization"},"potentialAction":[{"@type":"SearchAction","target":{"@type":"EntryPoint","urlTemplate":"https:\/\/mav.tec.br\/kyc\/?s={search_term_string}"},"query-input":{"@type":"PropertyValueSpecification","valueRequired":true,"valueName":"search_term_string"}}],"inLanguage":"pt-BR"},{"@type":"Organization","@id":"https:\/\/mav.tec.br\/kyc\/#organization","name":"Kyc?","url":"https:\/\/mav.tec.br\/kyc\/","logo":{"@type":"ImageObject","inLanguage":"pt-BR","@id":"https:\/\/mav.tec.br\/kyc\/#\/schema\/logo\/image\/","url":"https:\/\/mav.tec.br\/kyc\/wp-content\/uploads\/2024\/08\/cropped-KYC-1.png","contentUrl":"https:\/\/mav.tec.br\/kyc\/wp-content\/uploads\/2024\/08\/cropped-KYC-1.png","width":512,"height":512,"caption":"Kyc?"},"image":{"@id":"https:\/\/mav.tec.br\/kyc\/#\/schema\/logo\/image\/"}}]}},"_links":{"self":[{"href":"https:\/\/mav.tec.br\/kyc\/wp-json\/wp\/v2\/pages\/218","targetHints":{"allow":["GET"]}}],"collection":[{"href":"https:\/\/mav.tec.br\/kyc\/wp-json\/wp\/v2\/pages"}],"about":[{"href":"https:\/\/mav.tec.br\/kyc\/wp-json\/wp\/v2\/types\/page"}],"author":[{"embeddable":true,"href":"https:\/\/mav.tec.br\/kyc\/wp-json\/wp\/v2\/users\/3"}],"replies":[{"embeddable":true,"href":"https:\/\/mav.tec.br\/kyc\/wp-json\/wp\/v2\/comments?post=218"}],"version-history":[{"count":24,"href":"https:\/\/mav.tec.br\/kyc\/wp-json\/wp\/v2\/pages\/218\/revisions"}],"predecessor-version":[{"id":824,"href":"https:\/\/mav.tec.br\/kyc\/wp-json\/wp\/v2\/pages\/218\/revisions\/824"}],"wp:featuredmedia":[{"embeddable":true,"href":"https:\/\/mav.tec.br\/kyc\/wp-json\/wp\/v2\/media\/356"}],"wp:attachment":[{"href":"https:\/\/mav.tec.br\/kyc\/wp-json\/wp\/v2\/media?parent=218"}],"curies":[{"name":"wp","href":"https:\/\/api.w.org\/{rel}","templated":true}]}}